{"id":5,"date":"2016-03-26T10:34:58","date_gmt":"2016-03-26T09:34:58","guid":{"rendered":"http:\/\/www.vertikala.cz\/?page_id=5"},"modified":"2024-08-27T15:34:46","modified_gmt":"2024-08-27T13:34:46","slug":"home","status":"publish","type":"page","link":"https:\/\/www.vertikala.cz\/","title":{"rendered":"V\u00edtejte"},"content":{"rendered":"<h2 style=\"text-align: left;\"><b><a href=\"http:\/\/www.vertikala.cz\/wp-content\/uploads\/2016\/03\/logo-150-x-223.jpg\"><img loading=\"lazy\" decoding=\"async\" class=\" size-full wp-image-71 alignright\" src=\"http:\/\/www.vertikala.cz\/wp-content\/uploads\/2016\/03\/logo-150-x-223.jpg\" alt=\"logo 150 x 223\" width=\"150\" height=\"223\" \/><\/a><br \/>\n<span style=\"color: #ff0000;\">SPECI\u00c1LN\u00cd V\u00dd\u0160KOV\u00c9 PR\u00c1CE<\/span><\/b><\/h2>\n<p>Od roku 1991 se zab\u00fdv\u00e1me prov\u00e1d\u011bn\u00edm prac\u00ed ve v\u00fd\u0161k\u00e1ch<\/p>\n<p><strong>Jedn\u00e1 se zejm\u00e9na o tyto \u010dinnosti:<\/strong><\/p>\n<ul>\n<li>Opravy st\u0159ech<\/li>\n<li>Myt\u00ed nep\u0159\u00edstupn\u00fdch oken, skel, konstrukc\u00ed<\/li>\n<li>Tlakov\u00e9 myt\u00ed<\/li>\n<li>Pokr\u00fdv\u00e1n\u00ed st\u0159ech<\/li>\n<li>\u00a0Hydroizolace ploch\u00fdch st\u0159ech<\/li>\n<li>Realizace reklam<\/li>\n<li>N\u00e1t\u011bry st\u0159ech, okap\u016f, konstrukc\u00ed<\/li>\n<\/ul>\n<p>Kontakt: Ing. Roman Proch\u00e1zka<br \/>\nmobil: 773 465 239<br \/>\nemail: prochazka@vertikala.cz<\/p>\n<p>&nbsp;<\/p>\n<p>&nbsp;<\/p>\n<p>&nbsp;<\/p>\n<p>&nbsp;<\/p>\n<p>&nbsp;<\/p>\n<p>&nbsp;<\/p>\n<p>&nbsp;<\/p>\n<p>&nbsp;<\/p>\n<p>&nbsp;<\/p>\n<p>&nbsp;<\/p>\n<p>&nbsp;<\/p>\n<p>&nbsp;<\/p>\n<p>&nbsp;<\/p>\n<p>&nbsp;<\/p>\n<p>&nbsp;<\/p>\n<p>&nbsp;<\/p>\n<p>&nbsp;<\/p>\n","protected":false},"excerpt":{"rendered":"<p>SPECI\u00c1LN\u00cd V\u00dd\u0160KOV\u00c9 PR\u00c1CE Od roku 1991 se zab\u00fdv\u00e1me prov\u00e1d\u011bn\u00edm prac\u00ed ve v\u00fd\u0161k\u00e1ch Jedn\u00e1 se zejm\u00e9na o tyto \u010dinnosti: Opravy st\u0159ech Myt\u00ed nep\u0159\u00edstupn\u00fdch oken, skel, konstrukc\u00ed Tlakov\u00e9 myt\u00ed Pokr\u00fdv\u00e1n\u00ed st\u0159ech \u00a0Hydroizolace ploch\u00fdch st\u0159ech Realizace reklam N\u00e1t\u011bry st\u0159ech, okap\u016f, konstrukc\u00ed Kontakt: Ing. Roman Proch\u00e1zka mobil: 773 465 239 email: prochazka@vertikala.cz &nbsp; &nbsp; &nbsp; &nbsp; &nbsp; &nbsp; &nbsp; &nbsp; &nbsp; &nbsp; &nbsp; &nbsp; &nbsp; &nbsp; &nbsp; &nbsp; &nbsp;<\/p>\n","protected":false},"author":1,"featured_media":0,"parent":0,"menu_order":0,"comment_status":"open","ping_status":"open","template":"","meta":{"footnotes":""},"class_list":["post-5","page","type-page","status-publish","hentry"],"_links":{"self":[{"href":"https:\/\/www.vertikala.cz\/index.php?rest_route=\/wp\/v2\/pages\/5"}],"collection":[{"href":"https:\/\/www.vertikala.cz\/index.php?rest_route=\/wp\/v2\/pages"}],"about":[{"href":"https:\/\/www.vertikala.cz\/index.php?rest_route=\/wp\/v2\/types\/page"}],"author":[{"embeddable":true,"href":"https:\/\/www.vertikala.cz\/index.php?rest_route=\/wp\/v2\/users\/1"}],"replies":[{"embeddable":true,"href":"https:\/\/www.vertikala.cz\/index.php?rest_route=%2Fwp%2Fv2%2Fcomments&post=5"}],"version-history":[{"count":13,"href":"https:\/\/www.vertikala.cz\/index.php?rest_route=\/wp\/v2\/pages\/5\/revisions"}],"predecessor-version":[{"id":98,"href":"https:\/\/www.vertikala.cz\/index.php?rest_route=\/wp\/v2\/pages\/5\/revisions\/98"}],"wp:attachment":[{"href":"https:\/\/www.vertikala.cz\/index.php?rest_route=%2Fwp%2Fv2%2Fmedia&parent=5"}],"curies":[{"name":"wp","href":"https:\/\/api.w.org\/{rel}","templated":true}]}}

Vítejte

<h2 style="text-align: left;"><b><a href="http://www.vertikala.cz/wp-content/uploads/2016/03/logo-150-x-223.jpg"><img loading="lazy" decoding="async" class=" size-full wp-image-71 alignright" src="http://www.vertikala.cz/wp-content/uploads/2016/03/logo-150-x-223.jpg" alt="logo 150 x 223" width="150" height="223" /></a><br />
<span style="color: #ff0000;">SPECIÁLNÍ VÝŠKOVÉ PRÁCE</span></b></h2>
<p>Od roku 1991 se zabýváme prováděním prací ve výškách</p>
<p><strong>Jedná se zejména o tyto činnosti:</strong></p>
<ul>
<li>Opravy střech</li>
<li>Mytí nepřístupných oken, skel, konstrukcí</li>
<li>Tlakové mytí</li>
<li>Pokrývání střech</li>
<li> Hydroizolace plochých střech</li>
<li>Realizace reklam</li>
<li>Nátěry střech, okapů, konstrukcí</li>
</ul>
<p>Kontakt: Ing. Roman Procházka<br />
mobil: 773 465 239<br />
email: prochazka@vertikala.cz</p>
<p>&nbsp;</p>
<p>&nbsp;</p>
<p>&nbsp;</p>
<p>&nbsp;</p>
<p>&nbsp;</p>
<p>&nbsp;</p>
<p>&nbsp;</p>
<p>&nbsp;</p>
<p>&nbsp;</p>
<p>&nbsp;</p>
<p>&nbsp;</p>
<p>&nbsp;</p>
<p>&nbsp;</p>
<p>&nbsp;</p>
<p>&nbsp;</p>
<p>&nbsp;</p>
<p>&nbsp;</p>

<p>SPECIÁLNÍ VÝŠKOVÉ PRÁCE Od roku 1991 se zabýváme prováděním prací ve výškách Jedná se zejména o tyto činnosti: Opravy střech Mytí nepřístupných oken, skel, konstrukcí Tlakové mytí Pokrývání střech  Hydroizolace plochých střech Realizace reklam Nátěry střech, okapů, konstrukcí Kontakt: Ing. Roman Procházka mobil: 773 465 239 email: prochazka@vertikala.cz &nbsp; &nbsp; &nbsp; &nbsp; &nbsp; &nbsp; &nbsp; &nbsp; &nbsp; &nbsp; &nbsp; &nbsp; &nbsp; &nbsp; &nbsp; &nbsp; &nbsp;</p>
