{"id":15,"date":"2016-03-26T11:05:12","date_gmt":"2016-03-26T10:05:12","guid":{"rendered":"http:\/\/www.vertikala.cz\/?page_id=15"},"modified":"2016-07-05T07:52:46","modified_gmt":"2016-07-05T05:52:46","slug":"bezpecnost-prace","status":"publish","type":"page","link":"https:\/\/www.vertikala.cz\/?page_id=15","title":{"rendered":"Bezpe\u010dnost pr\u00e1ce"},"content":{"rendered":"<h3><span style=\"color: #ff0000;\">BEZPE\u010cNOST PR\u00c1CE<\/span><\/h3>\n<ul>\n<li>Na bezpe\u010dnost pr\u00e1ce ve v\u00fd\u0161k\u00e1ch je kladen neoby\u010dejn\u00fd d\u016fraz<\/li>\n<li>Dodr\u017eov\u00e1n\u00ed nejvy\u0161\u0161\u00ed opatrnosti je samoz\u0159ejmost\u00ed<\/li>\n<\/ul>\n<p>&nbsp;<\/p>\n<p>&nbsp;<\/p>\n","protected":false},"excerpt":{"rendered":"<p>BEZPE\u010cNOST PR\u00c1CE Na bezpe\u010dnost pr\u00e1ce ve v\u00fd\u0161k\u00e1ch je kladen neoby\u010dejn\u00fd d\u016fraz Dodr\u017eov\u00e1n\u00ed nejvy\u0161\u0161\u00ed opatrnosti je samoz\u0159ejmost\u00ed &nbsp; &nbsp;<\/p>\n","protected":false},"author":1,"featured_media":88,"parent":0,"menu_order":0,"comment_status":"closed","ping_status":"closed","template":"","meta":{"footnotes":""},"class_list":["post-15","page","type-page","status-publish","has-post-thumbnail","hentry"],"_links":{"self":[{"href":"https:\/\/www.vertikala.cz\/index.php?rest_route=\/wp\/v2\/pages\/15"}],"collection":[{"href":"https:\/\/www.vertikala.cz\/index.php?rest_route=\/wp\/v2\/pages"}],"about":[{"href":"https:\/\/www.vertikala.cz\/index.php?rest_route=\/wp\/v2\/types\/page"}],"author":[{"embeddable":true,"href":"https:\/\/www.vertikala.cz\/index.php?rest_route=\/wp\/v2\/users\/1"}],"replies":[{"embeddable":true,"href":"https:\/\/www.vertikala.cz\/index.php?rest_route=%2Fwp%2Fv2%2Fcomments&post=15"}],"version-history":[{"count":5,"href":"https:\/\/www.vertikala.cz\/index.php?rest_route=\/wp\/v2\/pages\/15\/revisions"}],"predecessor-version":[{"id":94,"href":"https:\/\/www.vertikala.cz\/index.php?rest_route=\/wp\/v2\/pages\/15\/revisions\/94"}],"wp:featuredmedia":[{"embeddable":true,"href":"https:\/\/www.vertikala.cz\/index.php?rest_route=\/wp\/v2\/media\/88"}],"wp:attachment":[{"href":"https:\/\/www.vertikala.cz\/index.php?rest_route=%2Fwp%2Fv2%2Fmedia&parent=15"}],"curies":[{"name":"wp","href":"https:\/\/api.w.org\/{rel}","templated":true}]}}

Bezpečnost práce

<h3><span style="color: #ff0000;">BEZPEČNOST PRÁCE</span></h3>
<ul>
<li>Na bezpečnost práce ve výškách je kladen neobyčejný důraz</li>
<li>Dodržování nejvyšší opatrnosti je samozřejmostí</li>
</ul>
<p>&nbsp;</p>
<p>&nbsp;</p>

<p>BEZPEČNOST PRÁCE Na bezpečnost práce ve výškách je kladen neobyčejný důraz Dodržování nejvyšší opatrnosti je samozřejmostí &nbsp; &nbsp;</p>
